{"id":190,"date":"2022-05-03T06:05:40","date_gmt":"2022-05-03T06:05:40","guid":{"rendered":"https:\/\/unfried.info\/?page_id=190"},"modified":"2023-05-30T19:54:50","modified_gmt":"2023-05-30T19:54:50","slug":"philosophie","status":"publish","type":"page","link":"https:\/\/unfried.info\/?page_id=190","title":{"rendered":"Philosophie"},"content":{"rendered":"\n<section id=\"gma15955a\" class=\"wp-block-gutentor-m3 alignfull section-gma15955a gutentor-module gutentor-container-cover has-image-bg has-custom-bg animated fadeIn\"><div class=\"grid-container\">\n<div style=\"height:48px\" aria-hidden=\"true\" class=\"wp-block-spacer\"><\/div>\n<\/div><\/section>\n\n\n\n<section id=\"gm34878d5\" class=\"wp-block-gutentor-m3 alignfull section-gm34878d5 gutentor-module gutentor-container-cover has-image-bg has-custom-bg animated fadeIn\"><div class=\"grid-container\">\n<section id=\"gmaab5d31\" class=\"wp-block-gutentor-m3 alignwide section-gmaab5d31 gutentor-module gutentor-container-cover animated fadeIn\"><div class=\"grid-container\">\n<div style=\"height:48px\" aria-hidden=\"true\" class=\"wp-block-spacer\"><\/div>\n\n\n\n<h1 class=\"wp-block-heading\" style=\"text-transform:uppercase\">Unsere Philosophie<\/h1>\n\n\n\n<p>Als Familienbetrieb mit der Expertise aus zweieinhalb Jahrzehnten im Obst- und Gem\u00fcsesektor sind wir nie m\u00fcde geworden, unsere Arbeitsweise und alle Vorg\u00e4nge in unserem Unternehmen stetig zu verbessern. Werte wie Regionalit\u00e4t, faire Kunden- und Lieferantenbeziehungen und das bestm\u00f6gliche Preis-Leistungs-Verh\u00e4ltnis sind uns in Fruchtfleisch und Blut \u00fcbergegangen.<\/p>\n\n\n\n<h1 class=\"wp-block-heading\"><strong>Dazu stehen wir in 6 frischen und knackigen UNFRIED-WERTEN<\/strong><\/h1>\n\n\n\n<h2 class=\"wp-block-heading\"><strong>WIR STEHEN F\u00dcR EINEN RESPEKTVOLLEN UMGANG MIT LEBENSMITTEL<\/strong><\/h2>\n\n\n\n<p class=\"has-text-align-left\">Wir arbeiten t\u00e4glich mit frischem Obst und Gem\u00fcse. Es erf\u00fcllt uns mit Stolz, dass wir mit Produkten arbeiten, die uns Menschen n\u00e4hren und gesund halten. Deshalb ist es unsere oberste Pr\u00e4misse, respektvoll mit den Lebensmitteln umzugehen und diese wertzusch\u00e4tzen.<\/p>\n<\/div><\/section>\n<\/div><\/section>\n\n\n\n<section id=\"gm89206e1\" class=\"wp-block-gutentor-m3 alignfull section-gm89206e1 gutentor-module gutentor-container-cover has-image-bg has-custom-bg animated fadeIn\"><div class=\"grid-container\">\n<section id=\"gm6814b10\" class=\"wp-block-gutentor-m3 alignwide section-gm6814b10 gutentor-module gutentor-container-cover animated fadeIn\"><div class=\"grid-container\">\n<h2 class=\"wp-block-heading\"><strong>FAIRE ZUSAMMENARBEIT MIT ALLEN UNSEREN P<\/strong>ARTNERINNEN UND PARTNERN<\/h2>\n\n\n\n<p>Eine lange und faire Partnerschaft ist uns wichtig. Egal ob regionale oder internationale AnbaupartnerInnen oder Kundinnen und Kunden, wir pflegen unsere Partnerschaften und vertrauen nach wie vor auf die Handschlagqualit\u00e4t.<\/p>\n\n\n\n<h2 class=\"wp-block-heading\"><strong>KOMMUNIKATION AUF AUGENH\u00d6HE<\/strong><\/h2>\n\n\n\n<p>Gemeinsam mit unseren MitarbeiterInnen erreichen wir die Ziele, die wir uns setzen. Das gelingt uns nur mit einem offenen und respektvollen Umgang. Die Kommunikation auf Augenh\u00f6hen und das Einbeziehen unserer MitarbeiterInnen in wichtige Entscheidungen f\u00fcr die Zukunft steht bei uns an erster Stelle und erm\u00f6glicht uns so einen harmonischen Arbeitsalltag.<\/p>\n\n\n\n<h2 class=\"wp-block-heading\"><strong>SICHERER ARBEITSPLATZ<\/strong><\/h2>\n\n\n\n<p>Ohne unsere MitarbeiterInnen ist der reibungslose Ablauf nicht m\u00f6glich \u2013 deshalb ist die Sicherheit am Arbeitsplatz essenziell. Wir gew\u00e4hrleisten einen sicheren Arbeitsalltag und die Grundlage f\u00fcr ein gesundes Umfeld.<\/p>\n\n\n\n<h2 class=\"wp-block-heading\"><strong>GESUND WACHSEN<\/strong><\/h2>\n\n\n\n<p>\u00dcber die Jahre sind wir gewachsen, reif geworden und haben unser Unternehmen weiter ausgebaut. Wir streben nach wie vor ein gesundes Wachstum an, ohne dabei unsere Werte zu verlieren. Unsere Auffassung ist es, dass \u00d6konomie, soziale Werte und nachhaltige Werte im Einklang stehen.<\/p>\n\n\n\n<h2 class=\"wp-block-heading\"><strong>IM EINKLANG MIT DER NATUR<\/strong><\/h2>\n\n\n\n<p>Wir arbeiten mit Produkten, die uns die Natur zur Verf\u00fcgung stellt und deshalb streben wir danach, die \u00f6kologische Nachhaltigkeit im Unternehmensbereich zu verbessern. Unser Ziel ist es, unseren CO2-Fu\u00dfabdruck zu reduzieren und so unsere Umwelt zu sch\u00fctzen.<\/p>\n\n\n\n<div style=\"height:48px\" aria-hidden=\"true\" class=\"wp-block-spacer\"><\/div>\n<\/div><\/section>\n<\/div><\/section>\n\n\n\n<section id=\"gm691cf7c\" class=\"wp-block-gutentor-m3 alignfull section-gm691cf7c gutentor-module gutentor-container-cover has-image-bg has-custom-bg animated fadeIn\"><div class=\"grid-container\">\n<div style=\"height:48px\" aria-hidden=\"true\" class=\"wp-block-spacer\"><\/div>\n<\/div><\/section>\n","protected":false},"excerpt":{"rendered":"","protected":false},"author":1,"featured_media":0,"parent":0,"menu_order":0,"comment_status":"closed","ping_status":"closed","template":"","meta":{"neve_meta_sidebar":"","neve_meta_container":"contained","neve_meta_enable_content_width":"","neve_meta_content_width":0,"neve_meta_title_alignment":"","neve_meta_author_avatar":"","neve_post_elements_order":"","neve_meta_disable_header":"","neve_meta_disable_footer":"","neve_meta_disable_title":"on","_themeisle_gutenberg_block_has_review":false,"footnotes":""},"class_list":["post-190","page","type-page","status-publish","hentry"],"yoast_head":"<!-- This site is optimized with the Yoast SEO plugin v24.9 - https:\/\/yoast.com\/wordpress\/plugins\/seo\/ -->\n<title>Philosophie - Unfried.info - Obst und Gem\u00fcse<\/title>\n<meta name=\"description\" content=\"Als Familienbetrieb sind wir nie m\u00fcde geworden, unsere Arbeitsweise und alle Vorg\u00e4nge in unserem Unternehmen stetig zu verbessern.\" \/>\n<meta name=\"robots\" content=\"index, follow, max-snippet:-1, max-image-preview:large, max-video-preview:-1\" \/>\n<link rel=\"canonical\" href=\"https:\/\/unfried.info\/?page_id=190\" \/>\n<meta property=\"og:locale\" content=\"de_DE\" \/>\n<meta property=\"og:type\" content=\"article\" \/>\n<meta property=\"og:title\" content=\"Philosophie - Unfried.info - Obst und Gem\u00fcse\" \/>\n<meta property=\"og:description\" content=\"Als Familienbetrieb sind wir nie m\u00fcde geworden, unsere Arbeitsweise und alle Vorg\u00e4nge in unserem Unternehmen stetig zu verbessern.\" \/>\n<meta property=\"og:url\" content=\"https:\/\/unfried.info\/?page_id=190\" \/>\n<meta property=\"og:site_name\" content=\"Unfried.info - Obst und Gem\u00fcse\" \/>\n<meta property=\"article:modified_time\" content=\"2023-05-30T19:54:50+00:00\" \/>\n<meta name=\"twitter:card\" content=\"summary_large_image\" \/>\n<meta name=\"twitter:label1\" content=\"Gesch\u00e4tzte Lesezeit\" \/>\n\t<meta name=\"twitter:data1\" content=\"2\u00a0Minuten\" \/>\n<script type=\"application\/ld+json\" class=\"yoast-schema-graph\">{\"@context\":\"https:\/\/schema.org\",\"@graph\":[{\"@type\":\"WebPage\",\"@id\":\"https:\/\/unfried.info\/?page_id=190\",\"url\":\"https:\/\/unfried.info\/?page_id=190\",\"name\":\"Philosophie - Unfried.info - Obst und Gem\u00fcse\",\"isPartOf\":{\"@id\":\"https:\/\/unfried.info\/#website\"},\"datePublished\":\"2022-05-03T06:05:40+00:00\",\"dateModified\":\"2023-05-30T19:54:50+00:00\",\"description\":\"Als Familienbetrieb sind wir nie m\u00fcde geworden, unsere Arbeitsweise und alle Vorg\u00e4nge in unserem Unternehmen stetig zu verbessern.\",\"breadcrumb\":{\"@id\":\"https:\/\/unfried.info\/?page_id=190#breadcrumb\"},\"inLanguage\":\"de\",\"potentialAction\":[{\"@type\":\"ReadAction\",\"target\":[\"https:\/\/unfried.info\/?page_id=190\"]}]},{\"@type\":\"BreadcrumbList\",\"@id\":\"https:\/\/unfried.info\/?page_id=190#breadcrumb\",\"itemListElement\":[{\"@type\":\"ListItem\",\"position\":1,\"name\":\"Startseite\",\"item\":\"https:\/\/unfried.info\/\"},{\"@type\":\"ListItem\",\"position\":2,\"name\":\"Philosophie\"}]},{\"@type\":\"WebSite\",\"@id\":\"https:\/\/unfried.info\/#website\",\"url\":\"https:\/\/unfried.info\/\",\"name\":\"Unfried.info - Obst und Gem\u00fcse\",\"description\":\"Zusammenarbeit, die Fr\u00fcchte tr\u00e4gt\",\"publisher\":{\"@id\":\"https:\/\/unfried.info\/#organization\"},\"potentialAction\":[{\"@type\":\"SearchAction\",\"target\":{\"@type\":\"EntryPoint\",\"urlTemplate\":\"https:\/\/unfried.info\/?s={search_term_string}\"},\"query-input\":{\"@type\":\"PropertyValueSpecification\",\"valueRequired\":true,\"valueName\":\"search_term_string\"}}],\"inLanguage\":\"de\"},{\"@type\":\"Organization\",\"@id\":\"https:\/\/unfried.info\/#organization\",\"name\":\"Unfried.info - Obst und Gem\u00fcse\",\"url\":\"https:\/\/unfried.info\/\",\"logo\":{\"@type\":\"ImageObject\",\"inLanguage\":\"de\",\"@id\":\"https:\/\/unfried.info\/#\/schema\/logo\/image\/\",\"url\":\"https:\/\/unfried.info\/wp-content\/uploads\/2021\/09\/cropped-logoklein-1-1.png\",\"contentUrl\":\"https:\/\/unfried.info\/wp-content\/uploads\/2021\/09\/cropped-logoklein-1-1.png\",\"width\":112,\"height\":48,\"caption\":\"Unfried.info - Obst und Gem\u00fcse\"},\"image\":{\"@id\":\"https:\/\/unfried.info\/#\/schema\/logo\/image\/\"}}]}<\/script>\n<!-- \/ Yoast SEO plugin. -->","yoast_head_json":{"title":"Philosophie - Unfried.info - Obst und Gem\u00fcse","description":"Als Familienbetrieb sind wir nie m\u00fcde geworden, unsere Arbeitsweise und alle Vorg\u00e4nge in unserem Unternehmen stetig zu verbessern.","robots":{"index":"index","follow":"follow","max-snippet":"max-snippet:-1","max-image-preview":"max-image-preview:large","max-video-preview":"max-video-preview:-1"},"canonical":"https:\/\/unfried.info\/?page_id=190","og_locale":"de_DE","og_type":"article","og_title":"Philosophie - Unfried.info - Obst und Gem\u00fcse","og_description":"Als Familienbetrieb sind wir nie m\u00fcde geworden, unsere Arbeitsweise und alle Vorg\u00e4nge in unserem Unternehmen stetig zu verbessern.","og_url":"https:\/\/unfried.info\/?page_id=190","og_site_name":"Unfried.info - Obst und Gem\u00fcse","article_modified_time":"2023-05-30T19:54:50+00:00","twitter_card":"summary_large_image","twitter_misc":{"Gesch\u00e4tzte Lesezeit":"2\u00a0Minuten"},"schema":{"@context":"https:\/\/schema.org","@graph":[{"@type":"WebPage","@id":"https:\/\/unfried.info\/?page_id=190","url":"https:\/\/unfried.info\/?page_id=190","name":"Philosophie - Unfried.info - Obst und Gem\u00fcse","isPartOf":{"@id":"https:\/\/unfried.info\/#website"},"datePublished":"2022-05-03T06:05:40+00:00","dateModified":"2023-05-30T19:54:50+00:00","description":"Als Familienbetrieb sind wir nie m\u00fcde geworden, unsere Arbeitsweise und alle Vorg\u00e4nge in unserem Unternehmen stetig zu verbessern.","breadcrumb":{"@id":"https:\/\/unfried.info\/?page_id=190#breadcrumb"},"inLanguage":"de","potentialAction":[{"@type":"ReadAction","target":["https:\/\/unfried.info\/?page_id=190"]}]},{"@type":"BreadcrumbList","@id":"https:\/\/unfried.info\/?page_id=190#breadcrumb","itemListElement":[{"@type":"ListItem","position":1,"name":"Startseite","item":"https:\/\/unfried.info\/"},{"@type":"ListItem","position":2,"name":"Philosophie"}]},{"@type":"WebSite","@id":"https:\/\/unfried.info\/#website","url":"https:\/\/unfried.info\/","name":"Unfried.info - Obst und Gem\u00fcse","description":"Zusammenarbeit, die Fr\u00fcchte tr\u00e4gt","publisher":{"@id":"https:\/\/unfried.info\/#organization"},"potentialAction":[{"@type":"SearchAction","target":{"@type":"EntryPoint","urlTemplate":"https:\/\/unfried.info\/?s={search_term_string}"},"query-input":{"@type":"PropertyValueSpecification","valueRequired":true,"valueName":"search_term_string"}}],"inLanguage":"de"},{"@type":"Organization","@id":"https:\/\/unfried.info\/#organization","name":"Unfried.info - Obst und Gem\u00fcse","url":"https:\/\/unfried.info\/","logo":{"@type":"ImageObject","inLanguage":"de","@id":"https:\/\/unfried.info\/#\/schema\/logo\/image\/","url":"https:\/\/unfried.info\/wp-content\/uploads\/2021\/09\/cropped-logoklein-1-1.png","contentUrl":"https:\/\/unfried.info\/wp-content\/uploads\/2021\/09\/cropped-logoklein-1-1.png","width":112,"height":48,"caption":"Unfried.info - Obst und Gem\u00fcse"},"image":{"@id":"https:\/\/unfried.info\/#\/schema\/logo\/image\/"}}]}},"_links":{"self":[{"href":"https:\/\/unfried.info\/index.php?rest_route=\/wp\/v2\/pages\/190","targetHints":{"allow":["GET"]}}],"collection":[{"href":"https:\/\/unfried.info\/index.php?rest_route=\/wp\/v2\/pages"}],"about":[{"href":"https:\/\/unfried.info\/index.php?rest_route=\/wp\/v2\/types\/page"}],"author":[{"embeddable":true,"href":"https:\/\/unfried.info\/index.php?rest_route=\/wp\/v2\/users\/1"}],"replies":[{"embeddable":true,"href":"https:\/\/unfried.info\/index.php?rest_route=%2Fwp%2Fv2%2Fcomments&post=190"}],"version-history":[{"count":22,"href":"https:\/\/unfried.info\/index.php?rest_route=\/wp\/v2\/pages\/190\/revisions"}],"predecessor-version":[{"id":730,"href":"https:\/\/unfried.info\/index.php?rest_route=\/wp\/v2\/pages\/190\/revisions\/730"}],"wp:attachment":[{"href":"https:\/\/unfried.info\/index.php?rest_route=%2Fwp%2Fv2%2Fmedia&parent=190"}],"curies":[{"name":"wp","href":"https:\/\/api.w.org\/{rel}","templated":true}]}}