{"id":67,"date":"2021-09-24T11:26:55","date_gmt":"2021-09-24T11:26:55","guid":{"rendered":"https:\/\/unfried.info\/?page_id=67"},"modified":"2023-05-30T19:56:59","modified_gmt":"2023-05-30T19:56:59","slug":"agb","status":"publish","type":"page","link":"https:\/\/unfried.info\/?page_id=67","title":{"rendered":"AGB"},"content":{"rendered":"\n<section id=\"gmdd1af4c\" class=\"wp-block-gutentor-m3 alignfull section-gmdd1af4c gutentor-module gutentor-container-cover has-image-bg has-custom-bg\"><div class=\"grid-container\">\n<section id=\"gm4fa5efe\" class=\"wp-block-gutentor-m3 section-gm4fa5efe gutentor-module gutentor-container-cover\"><div class=\"grid-container\">\n<div style=\"height:100px\" aria-hidden=\"true\" class=\"wp-block-spacer\"><\/div>\n\n\n\n<h2 class=\"wp-block-heading\"><strong>ALLGEMEINE GESCH\u00c4FTSBEDINGUNGEN<\/strong><\/h2>\n\n\n\n<h2 class=\"wp-block-heading\"><strong>der Unfried Obst- und Gem\u00fcse Handelsges.m.b.H.<\/strong><\/h2>\n\n\n\n<p><strong>1. Geltungsbereich:<\/strong><\/p>\n\n\n\n<p>1.1. Diese Allgemeinen Gesch\u00e4ftsbedingungen (AGB) geltend zwischen der Unfried Obst- und Gem\u00fcse Handelsges.m.b.H.<\/p>\n\n\n\n<p>im Nachfolgenden kurz als \u201eUnfried\u201c bezeichnet und dem Kunden f\u00fcr alle k\u00fcnftigen Gesch\u00e4fte.<\/p>\n\n\n\n<p>1.2. Allf\u00e4llig vorhandene AGB\u00b4s des Kunden werden nicht Vertragsbestandteil.<\/p>\n\n\n\n<p><strong>2. Bestellung und Vertragsabschluss:<\/strong><\/p>\n\n\n\n<p>2.1. Der Kunde bestellt die Waren gem\u00e4\u00df der jeweils g\u00fcltigen Warenliste. Diese Bestellung ist als Angebot zum Vertragsabschluss an Unfried zu qualifizieren. An dieses Angebot ist der Kunde 4 Tage gebunden.<\/p>\n\n\n\n<p>2.2. Die Bestellung erfolgt per E-Mail, per FAX oder telefonisch.<\/p>\n\n\n\n<p>2.3. Die Annahme dieses Angebots erfolgt durch die Lieferung der Ware.<\/p>\n\n\n\n<p>2.4. Sollten Artikel kurzfristig nicht lieferbar sein, werden diese umgehend nachgeliefert.<\/p>\n\n\n\n<p><strong>3. Preise:<\/strong><\/p>\n\n\n\n<p>Es gelten die Preise zum Zeitpunkt der Bestellung. Diese sind auf der jeweils g\u00fcltigen Warenliste ausgewiesen.<\/p>\n\n\n\n<p><strong>4. Lieferung:<\/strong><\/p>\n\n\n\n<p>4.1. Sofern die Bestellung bis 16:00 Uhr bei Unfried einlangt, wird die Ware am darauffolgenden Werktag geliefert, wobei<\/p>\n\n\n\n<p>auch Samstage als Werktage gelten. Bestellungen vor Feiertagen oder Sonntagen werden am darauffolgenden Werktag geliefert. Bestellungen, die nach 16:00 Uhr bei Unfried einlangen, werden am \u00fcbern\u00e4chsten Werktag geliefert.<\/p>\n\n\n\n<p>4.2. Die Lieferung erfolgt an die jeweils vom Kunden bekanntgegebene Lieferadresse. Der Kunde hat die Bestellung entgegenzunehmen. Wird eine Bestellung bei Lieferung nicht entgegengenommen, ger\u00e4t der Kunde in Annahmeverzug. Ab<\/p>\n\n\n\n<p>diesem Zeitpunkt geht die Gefahr eines zuf\u00e4lligen Untergangs auf den Kunden \u00fcber. Unfried steht das<\/p>\n\n\n\n<p>Recht zu, allf\u00e4llige Sch\u00e4den aufgrund des Annahmeverzuges geltend zu machen.<\/p>\n\n\n\n<p><strong>5. Zahlung\/Verzug:<\/strong><\/p>\n\n\n\n<p>5.1. Der Kunde hat die M\u00f6glichkeit, Zahlungen wahlweise durch Barzahlung bei Lieferung oder durch Zahlung nach Rechnungserhalt zu leisten.<\/p>\n\n\n\n<p>5.2. Bei Barzahlung ist das Entgelt Zug um Zug gegen \u00dcbernahme der Ware zu \u00fcbergeben. Bei Zahlung nach Rechnungserhalt wird dem Kunden von Unfried einmal im Monat eine Rechnung \u00fcbermittelt. Abrechnungszeitraum ist der jeweilige<\/p>\n\n\n\n<p>Kalendermonat. Der Rechnungsbetrag ist sofort nach Rechnungserhalt und ohne Abzug zur Zahlung f\u00e4llig.<\/p>\n\n\n\n<p>5.3. Die Zahlung auf Rechnung kann entweder durch \u00dcberweisung oder durch SEPA-Lastschriftmandat erfolgen.<\/p>\n\n\n\n<p>5.4. Bei R\u00fcckbuchungen des Entgelts im Lastschriftverfahren aufgrund mangelnder Kontodeckung ist Unfried berechtigt, die<\/p>\n\n\n\n<p>von der Bank verrechneten Spesen sowie eine interne Bearbeitungsgeb\u00fchr von EUR 10,00 an den Kunden weiter zu<\/p>\n\n\n\n<p>verrechnen.<\/p>\n\n\n\n<p>5.5. Ger\u00e4t der Kunde mit seiner Zahlungsverpflichtung in Verzug, ist Unfried berechtigt, die Zahlungsart auf Barzahlung bei<\/p>\n\n\n\n<p>Lieferung umzustellen oder weitere Lieferungen bis zur vollst\u00e4ndigen Begleichung des R\u00fcckstands zu verweigern.<\/p>\n\n\n\n<p>5.6. Im Verzugsfall ist Unfried berechtigt, pro Mahnung Mahnspesen in der H\u00f6he von EUR 20,00 zur verrechnen sowie in<\/p>\n\n\n\n<p>weiterer Folge die Betreibung der Forderung einem Rechtsanwalt zu \u00fcbergeben.<\/p>\n\n\n\n<p><strong>6. Datenschutz:<\/strong><\/p>\n\n\n\n<p>Die personenbezogenen Daten des Kunden m\u00fcssen zur ordnungsgem\u00e4\u00dfen Bearbeitung der jeweiligen Bestellung im<\/p>\n\n\n\n<p>System von Unfried erfasst werden. Der Kunde erkl\u00e4rt seine ausdr\u00fcckliche Zustimmung zur automationsunterst\u00fctzten<\/p>\n\n\n\n<p>Verarbeitung seiner Daten. Unfried sichert zu, die Bestimmungen des Datenschutzgesetzes einzuhalten.<\/p>\n\n\n\n<p><strong>7. Haftung<\/strong><\/p>\n\n\n\n<p>7.1. Die Haftung f\u00fcr Verm\u00f6genssch\u00e4den wird auf Vorsatz und grobe Fahrl\u00e4ssigkeit beschr\u00e4nkt.<\/p>\n\n\n\n<p>7.2. Der Kunde hat seine Schadenersatzanspr\u00fcche bei sonstigem Verfall binnen einem Jahr ab Kenntnis gerichtlich geltend<\/p>\n\n\n\n<p>zu machen.<\/p>\n\n\n\n<p><strong>8. Salvatorische Klausel:<\/strong><\/p>\n\n\n\n<p>Sollten einzelne Bestimmungen dieser AGB\u00b4s unwirksam sein, wird die G\u00fcltigkeit der \u00fcbrigen Bestimmungen dadurch<\/p>\n\n\n\n<p>nicht ber\u00fchrt.<\/p>\n\n\n\n<p><strong>9. Rechtswahl\/Gerichtsstand:<\/strong><\/p>\n\n\n\n<p>9.1. Es wird eine Rechtswahl zugunsten des \u00f6sterreichischen Rechts getroffen. Die Geltung des UN-Kaufrechts sowie der<\/p>\n\n\n\n<p>Kollisionsnormen wird ausgeschlossen.<\/p>\n\n\n\n<p>9.2. Als Gerichtsstand und Erf\u00fcllungsort gilt der Sitz von Unfried als vereinbart<\/p>\n\n\n\n<div style=\"height:100px\" aria-hidden=\"true\" class=\"wp-block-spacer\"><\/div>\n<\/div><\/section>\n<\/div><\/section>\n","protected":false},"excerpt":{"rendered":"","protected":false},"author":1,"featured_media":0,"parent":0,"menu_order":0,"comment_status":"closed","ping_status":"closed","template":"","meta":{"neve_meta_sidebar":"","neve_meta_container":"full-width","neve_meta_enable_content_width":"","neve_meta_content_width":0,"neve_meta_title_alignment":"","neve_meta_author_avatar":"","neve_post_elements_order":"","neve_meta_disable_header":"","neve_meta_disable_footer":"","neve_meta_disable_title":"on","_themeisle_gutenberg_block_has_review":false,"footnotes":""},"class_list":["post-67","page","type-page","status-publish","hentry"],"yoast_head":"<!-- This site is optimized with the Yoast SEO plugin v24.9 - https:\/\/yoast.com\/wordpress\/plugins\/seo\/ -->\n<title>AGB - Unfried.info - Obst und Gem\u00fcse<\/title>\n<meta name=\"robots\" content=\"index, follow, max-snippet:-1, max-image-preview:large, max-video-preview:-1\" \/>\n<link rel=\"canonical\" href=\"https:\/\/unfried.info\/?page_id=67\" \/>\n<meta property=\"og:locale\" content=\"de_DE\" \/>\n<meta property=\"og:type\" content=\"article\" \/>\n<meta property=\"og:title\" content=\"AGB - Unfried.info - Obst und Gem\u00fcse\" \/>\n<meta property=\"og:url\" content=\"https:\/\/unfried.info\/?page_id=67\" \/>\n<meta property=\"og:site_name\" content=\"Unfried.info - Obst und Gem\u00fcse\" \/>\n<meta property=\"article:modified_time\" content=\"2023-05-30T19:56:59+00:00\" \/>\n<meta name=\"twitter:card\" content=\"summary_large_image\" \/>\n<script type=\"application\/ld+json\" class=\"yoast-schema-graph\">{\"@context\":\"https:\/\/schema.org\",\"@graph\":[{\"@type\":\"WebPage\",\"@id\":\"https:\/\/unfried.info\/?page_id=67\",\"url\":\"https:\/\/unfried.info\/?page_id=67\",\"name\":\"AGB - Unfried.info - Obst und Gem\u00fcse\",\"isPartOf\":{\"@id\":\"https:\/\/unfried.info\/#website\"},\"datePublished\":\"2021-09-24T11:26:55+00:00\",\"dateModified\":\"2023-05-30T19:56:59+00:00\",\"breadcrumb\":{\"@id\":\"https:\/\/unfried.info\/?page_id=67#breadcrumb\"},\"inLanguage\":\"de\",\"potentialAction\":[{\"@type\":\"ReadAction\",\"target\":[\"https:\/\/unfried.info\/?page_id=67\"]}]},{\"@type\":\"BreadcrumbList\",\"@id\":\"https:\/\/unfried.info\/?page_id=67#breadcrumb\",\"itemListElement\":[{\"@type\":\"ListItem\",\"position\":1,\"name\":\"Startseite\",\"item\":\"https:\/\/unfried.info\/\"},{\"@type\":\"ListItem\",\"position\":2,\"name\":\"AGB\"}]},{\"@type\":\"WebSite\",\"@id\":\"https:\/\/unfried.info\/#website\",\"url\":\"https:\/\/unfried.info\/\",\"name\":\"Unfried.info - Obst und Gem\u00fcse\",\"description\":\"Zusammenarbeit, die Fr\u00fcchte tr\u00e4gt\",\"publisher\":{\"@id\":\"https:\/\/unfried.info\/#organization\"},\"potentialAction\":[{\"@type\":\"SearchAction\",\"target\":{\"@type\":\"EntryPoint\",\"urlTemplate\":\"https:\/\/unfried.info\/?s={search_term_string}\"},\"query-input\":{\"@type\":\"PropertyValueSpecification\",\"valueRequired\":true,\"valueName\":\"search_term_string\"}}],\"inLanguage\":\"de\"},{\"@type\":\"Organization\",\"@id\":\"https:\/\/unfried.info\/#organization\",\"name\":\"Unfried.info - Obst und Gem\u00fcse\",\"url\":\"https:\/\/unfried.info\/\",\"logo\":{\"@type\":\"ImageObject\",\"inLanguage\":\"de\",\"@id\":\"https:\/\/unfried.info\/#\/schema\/logo\/image\/\",\"url\":\"https:\/\/unfried.info\/wp-content\/uploads\/2021\/09\/cropped-logoklein-1-1.png\",\"contentUrl\":\"https:\/\/unfried.info\/wp-content\/uploads\/2021\/09\/cropped-logoklein-1-1.png\",\"width\":112,\"height\":48,\"caption\":\"Unfried.info - Obst und Gem\u00fcse\"},\"image\":{\"@id\":\"https:\/\/unfried.info\/#\/schema\/logo\/image\/\"}}]}<\/script>\n<!-- \/ Yoast SEO plugin. -->","yoast_head_json":{"title":"AGB - Unfried.info - Obst und Gem\u00fcse","robots":{"index":"index","follow":"follow","max-snippet":"max-snippet:-1","max-image-preview":"max-image-preview:large","max-video-preview":"max-video-preview:-1"},"canonical":"https:\/\/unfried.info\/?page_id=67","og_locale":"de_DE","og_type":"article","og_title":"AGB - Unfried.info - Obst und Gem\u00fcse","og_url":"https:\/\/unfried.info\/?page_id=67","og_site_name":"Unfried.info - Obst und Gem\u00fcse","article_modified_time":"2023-05-30T19:56:59+00:00","twitter_card":"summary_large_image","schema":{"@context":"https:\/\/schema.org","@graph":[{"@type":"WebPage","@id":"https:\/\/unfried.info\/?page_id=67","url":"https:\/\/unfried.info\/?page_id=67","name":"AGB - Unfried.info - Obst und Gem\u00fcse","isPartOf":{"@id":"https:\/\/unfried.info\/#website"},"datePublished":"2021-09-24T11:26:55+00:00","dateModified":"2023-05-30T19:56:59+00:00","breadcrumb":{"@id":"https:\/\/unfried.info\/?page_id=67#breadcrumb"},"inLanguage":"de","potentialAction":[{"@type":"ReadAction","target":["https:\/\/unfried.info\/?page_id=67"]}]},{"@type":"BreadcrumbList","@id":"https:\/\/unfried.info\/?page_id=67#breadcrumb","itemListElement":[{"@type":"ListItem","position":1,"name":"Startseite","item":"https:\/\/unfried.info\/"},{"@type":"ListItem","position":2,"name":"AGB"}]},{"@type":"WebSite","@id":"https:\/\/unfried.info\/#website","url":"https:\/\/unfried.info\/","name":"Unfried.info - Obst und Gem\u00fcse","description":"Zusammenarbeit, die Fr\u00fcchte tr\u00e4gt","publisher":{"@id":"https:\/\/unfried.info\/#organization"},"potentialAction":[{"@type":"SearchAction","target":{"@type":"EntryPoint","urlTemplate":"https:\/\/unfried.info\/?s={search_term_string}"},"query-input":{"@type":"PropertyValueSpecification","valueRequired":true,"valueName":"search_term_string"}}],"inLanguage":"de"},{"@type":"Organization","@id":"https:\/\/unfried.info\/#organization","name":"Unfried.info - Obst und Gem\u00fcse","url":"https:\/\/unfried.info\/","logo":{"@type":"ImageObject","inLanguage":"de","@id":"https:\/\/unfried.info\/#\/schema\/logo\/image\/","url":"https:\/\/unfried.info\/wp-content\/uploads\/2021\/09\/cropped-logoklein-1-1.png","contentUrl":"https:\/\/unfried.info\/wp-content\/uploads\/2021\/09\/cropped-logoklein-1-1.png","width":112,"height":48,"caption":"Unfried.info - Obst und Gem\u00fcse"},"image":{"@id":"https:\/\/unfried.info\/#\/schema\/logo\/image\/"}}]}},"_links":{"self":[{"href":"https:\/\/unfried.info\/index.php?rest_route=\/wp\/v2\/pages\/67","targetHints":{"allow":["GET"]}}],"collection":[{"href":"https:\/\/unfried.info\/index.php?rest_route=\/wp\/v2\/pages"}],"about":[{"href":"https:\/\/unfried.info\/index.php?rest_route=\/wp\/v2\/types\/page"}],"author":[{"embeddable":true,"href":"https:\/\/unfried.info\/index.php?rest_route=\/wp\/v2\/users\/1"}],"replies":[{"embeddable":true,"href":"https:\/\/unfried.info\/index.php?rest_route=%2Fwp%2Fv2%2Fcomments&post=67"}],"version-history":[{"count":5,"href":"https:\/\/unfried.info\/index.php?rest_route=\/wp\/v2\/pages\/67\/revisions"}],"predecessor-version":[{"id":739,"href":"https:\/\/unfried.info\/index.php?rest_route=\/wp\/v2\/pages\/67\/revisions\/739"}],"wp:attachment":[{"href":"https:\/\/unfried.info\/index.php?rest_route=%2Fwp%2Fv2%2Fmedia&parent=67"}],"curies":[{"name":"wp","href":"https:\/\/api.w.org\/{rel}","templated":true}]}}